5753?
5
What is the tens digit of 9814?
1
What is the hundreds digit of 501?
5
What is the units digit of 33973?
3
What is the tens digit of 4804?
0
What is the tens digit of 544?
4
What is the tens digit of 63383?
8
What is the hundreds digit of 10623?
6
What is the hundreds digit of 17270?
2
What is the tens digit of 2135?
3
What is the thousands digit of 2507?
2
What is the hundreds digit of 27684?
6
What is the units digit of 122?
2
What is the thousands digit of 1872?
1
What is the thousands digit of 17672?
7
What is the units digit of 1443?
3
What is the tens digit of 15551?
5
What is the tens digit of 16648?
4
What is the units digit of 951?
1
What is the hundreds digit of 1484?
4
What is the ten thousands digit of 96937?
9
What is the hundreds digit of 13428?
4
What is the units digit of 1362?
2
What is the hundreds digit of 2779?
7
What is the thousands digit of 1290?
1
What is the tens digit of 490?
9
What is the hundreds digit of 32925?
9
What is the ten thousands digit of 20529?
2
What is the units digit of 497?
7
What is the ten thousands digit of 13661?
1
What is the hundreds digit of 3409?
4
What is the thousands digit of 1438?
1
What is the units digit of 445?
5
What is the thousands digit of 7957?
7
What is the units digit of 488?
8
What is the tens digit of 30656?
5
What is the tens digit of 65332?
3
What is the units digit of 12239?
9
What is the units digit of 21686?
6
What is the units digit of 695?
5
What is the thousands digit of 142240?
2
What is the thousands digit of 44711?
4
What is the tens digit of 2758?
5
What is the tens digit of 76685?
8
What is the units digit of 35802?
2
What is the hundreds digit of 5495?
4
What is the thousands digit of 1438?
1
What is the ten thousands digit of 27698?
2
What is the units digit of 31267?
7
What is the thousands digit of 2061?
2
What is the thousands digit of 13637?
3
What is the units digit of 7975?
5
What is the units digit of 119364?
4
What is the ten thousands digit of 15015?
1
What is the units digit of 977?
7
What is the tens digit of 1716?
1
What is the tens digit of 28819?
1
What is the hundreds digit of 2069?
0
What is the thousands digit of 18229?
8
What is the thousands digit of 39935?
9
What is the thousands digit of 8610?
8
What is the units digit of 25950?
0
What is the hundreds digit of 17692?
6
What is the tens digit of 99321?
2
What is the ten thousands digit of 11857?
1
What is the thousands digit of 126528?
6
What is the units digit of 69171?
1
What is the tens digit of 6197?
9
What is the units digit of 2409?
9
What is the ten thousands digit of 100061?
0
What is the thousands digit of 30905?
0
What is the tens digit of 38113?
1
What is the tens digit of 70287?
8
What is the units digit of 6900?
0
What is the tens digit of 89?
8
What is the thousands digit of 17941?
7
What is the tens digit of 3061?
6
What is the ten thousands digit of 29558?
2
What is the tens digit of 17633?
3
What is the tens digit of 993?
9
What is the tens digit of 1364?
6
What is the tens digit of 2442?
4
What is the tens digit of 9978?
7
What is the units digit of 29836?
6
What is the tens digit of 1457?
5
What is the thousands digit of 7460?
7
What is the hundreds digit of 12828?
8
What is the tens digit of 6168?
6
What is the thousands digit of 90555?
0
What is the units digit of 4662?
2
What is the units digit of 6030?
0
What is the hundreds digit of 410?
4
What is the units digit of 14?
4
What is the hundreds digit of 700?
7
What is the units digit of 42?
2
What is the units digit of 2314?
4
What is the thousands digit of 2959?
2
What is the hundreds digit of 3968?
9
What is the thousands digit of 20325?
0
What is the units digit of 1283?
3
What is the hundreds digit of 904?
9
What is the units digit of 85?
5
What is the units digit of 13?
3
What is the units digit of 1626?
6
What is the thousands digit of 16576?
6
What is the thousands digit of 3502?
3
What is the hundreds digit of 509?
5
What is the hundreds digit of 6743?
7
What is the thousands digit of 37211?
7
What is the tens digit of 43319?
1
What is the tens digit of 46596?
9
What is the units digit of 5271?
1
What is the units digit of 888?
8
What is the units digit of 175?
5
What is the hundreds digit of 2153?
1
What is the units digit of 1978?
8
What is the thousands digit of 24903?
4
What is the tens digit of 9013?
1
What is the units digit of 28609?
9
What is the hundreds digit of 101?
1
What is the thousands digit of 156679?
6
What is the hundreds digit of 982?
9
What is the units digit of 464?
4
What is the units digit of 7919?
9
What is the ten thousands digit of 52933?
5
What is the hundreds digit of 40036?
0
What is the hundreds digit of 17909?
9
What is the hundreds digit of 1426?
4
What is the thousands digit of 1614?
1
What is the units digit of 3887?
7
What is the hundreds digit of 10032?
0
What is the tens digit of 1249?
4
What is the thousands digit of 5295?
5
What is the hundreds digit of 7285?
2
What is the units digit of 32534?
4
What is the tens digit of 11947?
4
What is the thousands digit of 119725?
9
What is the hundreds digit of 330?
3
What is the hundreds digit of 563?
5
What is the tens digit of 1067?
6
What is the units digit of 3550?
0
What is the hundreds digit of 8984?
9
What is the hundreds digit of 4023?
0
What is the tens digit of 7298?
9
What is the thousands digit of 54719?
4
What is the thousands digit of 4613?
4
What is the hundreds digit of 10243?
2
What is the units digit of 10034?
4
What is the units digit of 295?
5
What is the hundreds digit of 9755?
7
What is the tens digit of 119384?
8
What is the hundreds digit of 5198?
1
What is the units digit of 7346?
6
What is the tens digit of 5205?
0
What is the units digit of 38055?
5
What is the ten thousands digit of 33108?
3
What is the thousands digit of 139116?
9
What is the thousands digit of 27530?
7
What is the hundreds digit of 2210?
2
What is the tens digit of 1705?
0
What is the tens digit of 36278?
7
What is the tens digit of 34358?
5
What is the units digit of 11435?
5
What is the tens digit of 4553?
5
What is the units digit of 3536?
6
What is the thousands digit of 8603?
8
What is the units digit of 1399?
9
What is the tens digit of 15537?
3
What is the units digit of 23605?
5
What is the units digit of 183?
3
What is the hundreds digit of 2075?
0
What is the hundreds digit of 793?
7
What is the hundreds digit of 24147?
1
What is the units digit of 7979?
9
What is the hundreds digit of 7981?
9
What is the hundreds digit of 660?
6
What is the hundreds digit of 6721?
7
What is the tens digit of 67304?
0
What is the tens digit of 85759?
5
What is the tens digit of 525?
2
What is the thousands digit of 5853?
5
What is the hundreds digit of 37219?
2
What is the hundreds digit of 837?
8
What is the thousands digit of 10727?
0
What is the hundreds digit of 363?
3
What is the tens digit of 529?
2
What is the hundreds digit of 34905?
9
What is the hundred thousands digit of 109899?
1
What is the thousands digit of 1089?
1
What is the hundreds digit of 1773?
7
What is the thousands digit of 3887?
3
What is the units digit of 2986?
6
What is the tens digit of 5550?
5
What is the units digit of 4143?
3
What is the units digit of 26944?
4
What is the tens digit of 24982?
8
What is the tens digit of 59?
5
What is the thousands digit of 23524?
3
What is the tens digit of 235?
3
What is the thousands digit of 12199?
2
What is the ten thousands digit of 18699?
1
What is the hundreds digit of 868?
8
What is the units digit of 18701?
1
What is the tens digit of 3537?
3
What is the thousands digit of 50181?
0
What is the tens digit of 605?
0
What is the ten thousands digit of 29133?
2
What is the tens digit of 11240?
4
What is the tens digit of 36295?
9
What is the tens digit of 16097?
9
What is the tens digit of 573?
7
What is the units digit of 9780?
0
What is the tens digit of 813?
1
What is the thousands digit of 62980?
2
What is the units digit of 1315?
5
What is the units digit of 27503?
3
What is the units digit of 1091?
1
What is the hundreds digit of 764?
7
What is the hundreds digit of 537?
5
What is the hundreds digit of 309?
3
What is the thousands digit of 5730?
5
What is the thousands digit of 8667?
8
What is the units dig